{"id":718,"date":"2019-02-20T12:00:44","date_gmt":"2019-02-20T18:00:44","guid":{"rendered":"http:\/\/cee.edu.mx\/New\/?page_id=718"},"modified":"2019-05-17T14:16:10","modified_gmt":"2019-05-17T19:16:10","slug":"sistematizacion","status":"publish","type":"page","link":"https:\/\/cee.edu.mx\/New\/sistematizacion\/","title":{"rendered":"Sistematizaci\u00f3n"},"content":{"rendered":"[et_pb_section fb_built=\u00bb1&#8243; admin_label=\u00bbOur Services\u00bb _builder_version=\u00bb3.22.3&#8243; use_background_color_gradient=\u00bbon\u00bb background_color_gradient_start=\u00bb#ffffff\u00bb background_color_gradient_end=\u00bbrgba(75,69,125,0.23)\u00bb custom_padding=\u00bb26px|0px|100px|0px|false|false\u00bb top_divider_style=\u00bbcurve2&#8243; top_divider_color=\u00bb#f4f4f4&#8243; top_divider_height=\u00bb30px\u00bb top_divider_flip=\u00bbvertical\u00bb][et_pb_row admin_label=\u00bbNew standard of payments\u00bb _builder_version=\u00bb3.22.3&#8243;][et_pb_column type=\u00bb4_4&#8243; _builder_version=\u00bb3.0.47&#8243;][et_pb_text _builder_version=\u00bb3.19.15&#8243; text_font=\u00bbPoppins|700|||||||\u00bb text_text_color=\u00bb#48a750&#8243;]\n<p>Qu\u00e9 hacemos<\/p>\n[\/et_pb_text][et_pb_text _builder_version=\u00bb3.22.7&#8243; text_font=\u00bbPoppins||||||||\u00bb text_text_color=\u00bbrgba(58,58,58,0.7)\u00bb text_font_size=\u00bb18px\u00bb text_line_height=\u00bb1.8em\u00bb header_2_font=\u00bbPoppins|500|||||||\u00bb header_2_text_color=\u00bb#4b457d\u00bb header_2_font_size=\u00bb38px\u00bb header_2_line_height=\u00bb1.3em\u00bb]\n<h2>Sistematizaci\u00f3n<\/h2>\n<p>Proyectos dirigidos al ordenamiento de experiencias, estudios o procesos para contribuir a la construcci\u00f3n de conocimiento.<\/p>\n[\/et_pb_text][\/et_pb_column][\/et_pb_row][et_pb_row use_custom_gutter=\u00bbon\u00bb background_color_2=\u00bb#2e3858&#8243; background_color_3=\u00bb#2e3858&#8243; padding_top_1=\u00bb30px\u00bb padding_top_2=\u00bb30px\u00bb padding_top_3=\u00bb30px\u00bb padding_right_1=\u00bb30px\u00bb padding_right_2=\u00bb30px\u00bb padding_right_3=\u00bb30px\u00bb padding_bottom_1=\u00bb30px\u00bb padding_bottom_2=\u00bb30px\u00bb padding_bottom_3=\u00bb30px\u00bb padding_left_1=\u00bb30px\u00bb padding_left_2=\u00bb30px\u00bb padding_left_3=\u00bb30px\u00bb _builder_version=\u00bb3.22.3&#8243;][et_pb_column type=\u00bb4_4&#8243; _builder_version=\u00bb3.0.47&#8243;][et_pb_text _builder_version=\u00bb3.19.17&#8243;]\n\n<div class=\"su-posts su-posts-default-loop \">\n\n\t\n\t\t\t\t\t\n\t\t\t\n\t\t\t<div id=\"su-post-1543\" class=\"su-post \">\n\n\t\t\t\t\t\t\t\t\t<a class=\"su-post-thumbnail\" href=\"https:\/\/cee.edu.mx\/New\/recomendaciones-de-mejora-para-la-implementacion-del-aprendizaje-basado-en-la-colaboracion-y-el-dialogo-abcd-en-el-nivel-basico\/\"><img loading=\"lazy\" decoding=\"async\" width=\"1563\" height=\"854\" src=\"https:\/\/cee.edu.mx\/New\/wp-content\/uploads\/2019\/02\/BID.png\" class=\"attachment-post-thumbnail size-post-thumbnail wp-post-image\" alt=\"\" srcset=\"https:\/\/cee.edu.mx\/New\/wp-content\/uploads\/2019\/02\/BID.png 1563w, https:\/\/cee.edu.mx\/New\/wp-content\/uploads\/2019\/02\/BID-300x164.png 300w, https:\/\/cee.edu.mx\/New\/wp-content\/uploads\/2019\/02\/BID-768x420.png 768w, https:\/\/cee.edu.mx\/New\/wp-content\/uploads\/2019\/02\/BID-1024x559.png 1024w, https:\/\/cee.edu.mx\/New\/wp-content\/uploads\/2019\/02\/BID-1080x590.png 1080w, https:\/\/cee.edu.mx\/New\/wp-content\/uploads\/2019\/02\/BID-610x333.png 610w\" sizes=\"(max-width: 1563px) 100vw, 1563px\" \/><\/a>\n\t\t\t\t\n\t\t\t\t<h2 class=\"su-post-title\"><a href=\"https:\/\/cee.edu.mx\/New\/recomendaciones-de-mejora-para-la-implementacion-del-aprendizaje-basado-en-la-colaboracion-y-el-dialogo-abcd-en-el-nivel-basico\/\">Recomendaciones de Mejora para la implementaci\u00f3n del Aprendizaje Basado en la Colaboraci\u00f3n y el Di\u00e1logo (ABCD) en el nivel b\u00e1sico<\/a><\/h2>\n\n\t\t\t\t<div class=\"su-post-meta\">\n\t\t\t\t\tPublicado: 20 mayo, 2019\t\t\t\t<\/div>\n\n\t\t\t\t<div class=\"su-post-excerpt\">\n\t\t\t\t\t<p><a href=\"https:\/\/cee.edu.mx\/New\/tag\/sistematizacion\/\">#Sistematizaci\u00f3n<\/a><\/p>\n\t\t\t\t<\/div>\n\n\t\t\t\t\n\t\t\t<\/div>\n\n\t\t\t\t\t\n\t\t\t\n\t\t\t<div id=\"su-post-1071\" class=\"su-post \">\n\n\t\t\t\t\t\t\t\t\t<a class=\"su-post-thumbnail\" href=\"https:\/\/cee.edu.mx\/New\/implementacio-y-seguimiento-del-modelo-de-aprendizaje-colaborativo\/\"><img loading=\"lazy\" decoding=\"async\" width=\"1826\" height=\"1277\" src=\"https:\/\/cee.edu.mx\/New\/wp-content\/uploads\/2019\/02\/logo_FA.png\" class=\"attachment-post-thumbnail size-post-thumbnail wp-post-image\" alt=\"\" srcset=\"https:\/\/cee.edu.mx\/New\/wp-content\/uploads\/2019\/02\/logo_FA.png 1826w, https:\/\/cee.edu.mx\/New\/wp-content\/uploads\/2019\/02\/logo_FA-300x210.png 300w, https:\/\/cee.edu.mx\/New\/wp-content\/uploads\/2019\/02\/logo_FA-768x537.png 768w, https:\/\/cee.edu.mx\/New\/wp-content\/uploads\/2019\/02\/logo_FA-1024x716.png 1024w, https:\/\/cee.edu.mx\/New\/wp-content\/uploads\/2019\/02\/logo_FA-1080x755.png 1080w\" sizes=\"(max-width: 1826px) 100vw, 1826px\" \/><\/a>\n\t\t\t\t\n\t\t\t\t<h2 class=\"su-post-title\"><a href=\"https:\/\/cee.edu.mx\/New\/implementacio-y-seguimiento-del-modelo-de-aprendizaje-colaborativo\/\">Implementaci\u00f3n y seguimiento del Modelo de Aprendizaje Colaborativo<\/a><\/h2>\n\n\t\t\t\t<div class=\"su-post-meta\">\n\t\t\t\t\tPublicado: 28 febrero, 2019\t\t\t\t<\/div>\n\n\t\t\t\t<div class=\"su-post-excerpt\">\n\t\t\t\t\t<p><a href=\"https:\/\/cee.edu.mx\/New\/tag\/capacitacion_y_acompanamiento\/\">#Capacitaci\u00f3n_y_Acompa\u00f1amiento<\/a> <a href=\"https:\/\/cee.edu.mx\/New\/tag\/sistematizacion\/\">#Sistematizaci\u00f3n<\/a><\/p>\n\t\t\t\t<\/div>\n\n\t\t\t\t\n\t\t\t<\/div>\n\n\t\t\t\t\t\n\t\t\t\n\t\t\t<div id=\"su-post-1063\" class=\"su-post \">\n\n\t\t\t\t\t\t\t\t\t<a class=\"su-post-thumbnail\" href=\"https:\/\/cee.edu.mx\/New\/implementacion-y-seguimiento-del-nuevo-modelo-educativo-2017-en-plantel-azteca\/\"><img loading=\"lazy\" decoding=\"async\" width=\"1826\" height=\"1277\" src=\"https:\/\/cee.edu.mx\/New\/wp-content\/uploads\/2019\/02\/logo_FA.png\" class=\"attachment-post-thumbnail size-post-thumbnail wp-post-image\" alt=\"\" srcset=\"https:\/\/cee.edu.mx\/New\/wp-content\/uploads\/2019\/02\/logo_FA.png 1826w, https:\/\/cee.edu.mx\/New\/wp-content\/uploads\/2019\/02\/logo_FA-300x210.png 300w, https:\/\/cee.edu.mx\/New\/wp-content\/uploads\/2019\/02\/logo_FA-768x537.png 768w, https:\/\/cee.edu.mx\/New\/wp-content\/uploads\/2019\/02\/logo_FA-1024x716.png 1024w, https:\/\/cee.edu.mx\/New\/wp-content\/uploads\/2019\/02\/logo_FA-1080x755.png 1080w\" sizes=\"(max-width: 1826px) 100vw, 1826px\" \/><\/a>\n\t\t\t\t\n\t\t\t\t<h2 class=\"su-post-title\"><a href=\"https:\/\/cee.edu.mx\/New\/implementacion-y-seguimiento-del-nuevo-modelo-educativo-2017-en-plantel-azteca\/\">Implementaci\u00f3n y seguimiento del Nuevo Modelo Educativo 2017 en Plantel Azteca<\/a><\/h2>\n\n\t\t\t\t<div class=\"su-post-meta\">\n\t\t\t\t\tPublicado: 28 febrero, 2019\t\t\t\t<\/div>\n\n\t\t\t\t<div class=\"su-post-excerpt\">\n\t\t\t\t\t<p><a href=\"https:\/\/cee.edu.mx\/New\/tag\/capacitacion_y_acompanamiento\/\">#Capacitaci\u00f3n_y_Acompa\u00f1amiento<\/a> <a href=\"https:\/\/cee.edu.mx\/New\/tag\/sistematizacion\/\">#Sistematizaci\u00f3n<\/a> <\/p>\n\t\t\t\t<\/div>\n\n\t\t\t\t\n\t\t\t<\/div>\n\n\t\t\t\t\t\n\t\t\t\n\t\t\t<div id=\"su-post-1056\" class=\"su-post \">\n\n\t\t\t\t\t\t\t\t\t<a class=\"su-post-thumbnail\" href=\"https:\/\/cee.edu.mx\/New\/implementacion-y-seguimiento-del-programa-de-aprendizaje-en-multigrado\/\"><img loading=\"lazy\" decoding=\"async\" width=\"1826\" height=\"1277\" src=\"https:\/\/cee.edu.mx\/New\/wp-content\/uploads\/2019\/02\/logo_FA.png\" class=\"attachment-post-thumbnail size-post-thumbnail wp-post-image\" alt=\"\" srcset=\"https:\/\/cee.edu.mx\/New\/wp-content\/uploads\/2019\/02\/logo_FA.png 1826w, https:\/\/cee.edu.mx\/New\/wp-content\/uploads\/2019\/02\/logo_FA-300x210.png 300w, https:\/\/cee.edu.mx\/New\/wp-content\/uploads\/2019\/02\/logo_FA-768x537.png 768w, https:\/\/cee.edu.mx\/New\/wp-content\/uploads\/2019\/02\/logo_FA-1024x716.png 1024w, https:\/\/cee.edu.mx\/New\/wp-content\/uploads\/2019\/02\/logo_FA-1080x755.png 1080w\" sizes=\"(max-width: 1826px) 100vw, 1826px\" \/><\/a>\n\t\t\t\t\n\t\t\t\t<h2 class=\"su-post-title\"><a href=\"https:\/\/cee.edu.mx\/New\/implementacion-y-seguimiento-del-programa-de-aprendizaje-en-multigrado\/\">Implementaci\u00f3n y seguimiento del Programa de Aprendizaje en Multigrado<\/a><\/h2>\n\n\t\t\t\t<div class=\"su-post-meta\">\n\t\t\t\t\tPublicado: 28 febrero, 2019\t\t\t\t<\/div>\n\n\t\t\t\t<div class=\"su-post-excerpt\">\n\t\t\t\t\t<p><a href=\"https:\/\/cee.edu.mx\/New\/tag\/capacitacion_y_acompanamiento\/\">#Capacitaci\u00f3n_y_Acompa\u00f1amiento<\/a> <a href=\"https:\/\/cee.edu.mx\/New\/tag\/sistematizacion\/\">#Sistematizaci\u00f3n<\/a><\/span><\/p>\n\t\t\t\t<\/div>\n\n\t\t\t\t\n\t\t\t<\/div>\n\n\t\t\t\t\t\n\t\t\t\n\t\t\t<div id=\"su-post-866\" class=\"su-post \">\n\n\t\t\t\t\t\t\t\t\t<a class=\"su-post-thumbnail\" href=\"https:\/\/cee.edu.mx\/New\/revision-de-literatura-nacional-e-internacional-sobre-la-vitalidad-de-las-lenguas-indigenas\/\"><img loading=\"lazy\" decoding=\"async\" width=\"296\" height=\"108\" src=\"https:\/\/cee.edu.mx\/New\/wp-content\/uploads\/2019\/02\/CREFAL.png\" class=\"attachment-post-thumbnail size-post-thumbnail wp-post-image\" alt=\"\" \/><\/a>\n\t\t\t\t\n\t\t\t\t<h2 class=\"su-post-title\"><a href=\"https:\/\/cee.edu.mx\/New\/revision-de-literatura-nacional-e-internacional-sobre-la-vitalidad-de-las-lenguas-indigenas\/\">Revisi\u00f3n de literatura nacional e internacional sobre la vitalidad de las lenguas ind\u00edgenas<\/a><\/h2>\n\n\t\t\t\t<div class=\"su-post-meta\">\n\t\t\t\t\tPublicado: 26 febrero, 2019\t\t\t\t<\/div>\n\n\t\t\t\t<div class=\"su-post-excerpt\">\n\t\t\t\t\t<p><a href=\"https:\/\/cee.edu.mx\/New\/tag\/sistematizacion\/\">#Sistematizaci\u00f3n<\/a><\/p>\n\t\t\t\t<\/div>\n\n\t\t\t\t\n\t\t\t<\/div>\n\n\t\t\t\t\t\n\t\t\t\n\t\t\t<div id=\"su-post-864\" class=\"su-post \">\n\n\t\t\t\t\t\t\t\t\t<a class=\"su-post-thumbnail\" href=\"https:\/\/cee.edu.mx\/New\/asesoria-para-la-revision-de-la-metodologia-y-los-avances-en-el-diseno-del-sistema-de-indicadores-educativos-en-el-inee\/\"><img loading=\"lazy\" decoding=\"async\" width=\"446\" height=\"299\" src=\"https:\/\/cee.edu.mx\/New\/wp-content\/uploads\/2019\/02\/Logo_INEE.png\" class=\"attachment-post-thumbnail size-post-thumbnail wp-post-image\" alt=\"\" srcset=\"https:\/\/cee.edu.mx\/New\/wp-content\/uploads\/2019\/02\/Logo_INEE.png 446w, https:\/\/cee.edu.mx\/New\/wp-content\/uploads\/2019\/02\/Logo_INEE-300x201.png 300w\" sizes=\"(max-width: 446px) 100vw, 446px\" \/><\/a>\n\t\t\t\t\n\t\t\t\t<h2 class=\"su-post-title\"><a href=\"https:\/\/cee.edu.mx\/New\/asesoria-para-la-revision-de-la-metodologia-y-los-avances-en-el-diseno-del-sistema-de-indicadores-educativos-en-el-inee\/\">Asesor\u00eda para la revisi\u00f3n de la metodolog\u00eda y los avances en el dise\u00f1o del Sistema de Indicadores Educativos en el INEE<\/a><\/h2>\n\n\t\t\t\t<div class=\"su-post-meta\">\n\t\t\t\t\tPublicado: 26 febrero, 2019\t\t\t\t<\/div>\n\n\t\t\t\t<div class=\"su-post-excerpt\">\n\t\t\t\t\t<p><a href=\"https:\/\/cee.edu.mx\/New\/tag\/sistematizacion\/\">#Sistematizaci\u00f3n<\/a><\/p>\n\t\t\t\t<\/div>\n\n\t\t\t\t\n\t\t\t<\/div>\n\n\t\t\n\t\n<\/div>\n\n[\/et_pb_text][\/et_pb_column][\/et_pb_row][\/et_pb_section]\n","protected":false},"excerpt":{"rendered":"<p>[et_pb_section fb_built=\u00bb1&#8243; admin_label=\u00bbOur Services\u00bb _builder_version=\u00bb3.22.3&#8243; use_background_color_gradient=\u00bbon\u00bb background_color_gradient_start=\u00bb#ffffff\u00bb background_color_gradient_end=\u00bbrgba(75,69,125,0.23)\u00bb custom_padding=\u00bb26px|0px|100px|0px|false|false\u00bb top_divider_style=\u00bbcurve2&#8243; top_divider_color=\u00bb#f4f4f4&#8243; top_divider_height=\u00bb30px\u00bb top_divider_flip=\u00bbvertical\u00bb][et_pb_row admin_label=\u00bbNew standard of payments\u00bb _builder_version=\u00bb3.22.3&#8243;][et_pb_column type=\u00bb4_4&#8243; _builder_version=\u00bb3.0.47&#8243;][et_pb_text _builder_version=\u00bb3.19.15&#8243; text_font=\u00bbPoppins|700|||||||\u00bb text_text_color=\u00bb#48a750&#8243;] Qu\u00e9 hacemos [\/et_pb_text][et_pb_text _builder_version=\u00bb3.22.7&#8243; text_font=\u00bbPoppins||||||||\u00bb text_text_color=\u00bbrgba(58,58,58,0.7)\u00bb text_font_size=\u00bb18px\u00bb text_line_height=\u00bb1.8em\u00bb header_2_font=\u00bbPoppins|500|||||||\u00bb header_2_text_color=\u00bb#4b457d\u00bb header_2_font_size=\u00bb38px\u00bb header_2_line_height=\u00bb1.3em\u00bb] Sistematizaci\u00f3n Proyectos dirigidos al ordenamiento de experiencias, estudios o procesos para contribuir a la construcci\u00f3n de conocimiento. [\/et_pb_text][\/et_pb_column][\/et_pb_row][et_pb_row use_custom_gutter=\u00bbon\u00bb background_color_2=\u00bb#2e3858&#8243; [&hellip;]<\/p>\n","protected":false},"author":1,"featured_media":0,"parent":0,"menu_order":0,"comment_status":"closed","ping_status":"closed","template":"","meta":{"_et_pb_use_builder":"on","_et_pb_old_content":"","_et_gb_content_width":"","footnotes":""},"class_list":["post-718","page","type-page","status-publish","hentry"],"_links":{"self":[{"href":"https:\/\/cee.edu.mx\/New\/wp-json\/wp\/v2\/pages\/718","targetHints":{"allow":["GET"]}}],"collection":[{"href":"https:\/\/cee.edu.mx\/New\/wp-json\/wp\/v2\/pages"}],"about":[{"href":"https:\/\/cee.edu.mx\/New\/wp-json\/wp\/v2\/types\/page"}],"author":[{"embeddable":true,"href":"https:\/\/cee.edu.mx\/New\/wp-json\/wp\/v2\/users\/1"}],"replies":[{"embeddable":true,"href":"https:\/\/cee.edu.mx\/New\/wp-json\/wp\/v2\/comments?post=718"}],"version-history":[{"count":8,"href":"https:\/\/cee.edu.mx\/New\/wp-json\/wp\/v2\/pages\/718\/revisions"}],"predecessor-version":[{"id":1542,"href":"https:\/\/cee.edu.mx\/New\/wp-json\/wp\/v2\/pages\/718\/revisions\/1542"}],"wp:attachment":[{"href":"https:\/\/cee.edu.mx\/New\/wp-json\/wp\/v2\/media?parent=718"}],"curies":[{"name":"wp","href":"https:\/\/api.w.org\/{rel}","templated":true}]}}