{"id":1505,"date":"2019-05-17T13:18:55","date_gmt":"2019-05-17T18:18:55","guid":{"rendered":"https:\/\/cee.edu.mx\/New\/?page_id=1505"},"modified":"2019-10-25T13:31:58","modified_gmt":"2019-10-25T18:31:58","slug":"investigacion","status":"publish","type":"page","link":"https:\/\/cee.edu.mx\/New\/investigacion\/","title":{"rendered":"Investigaci\u00f3n"},"content":{"rendered":"[et_pb_section fb_built=\u00bb1&#8243; admin_label=\u00bbOur Services\u00bb _builder_version=\u00bb3.22.3&#8243; use_background_color_gradient=\u00bbon\u00bb background_color_gradient_start=\u00bb#ffffff\u00bb background_color_gradient_end=\u00bbrgba(75,69,125,0.23)\u00bb custom_padding=\u00bb26px|0px|100px|0px|false|false\u00bb top_divider_style=\u00bbcurve2&#8243; top_divider_color=\u00bb#f4f4f4&#8243; top_divider_height=\u00bb30px\u00bb top_divider_flip=\u00bbvertical\u00bb][et_pb_row admin_label=\u00bbNew standard of payments\u00bb _builder_version=\u00bb3.25&#8243;][et_pb_column type=\u00bb4_4&#8243; _builder_version=\u00bb3.25&#8243; custom_padding=\u00bb|||\u00bb custom_padding__hover=\u00bb|||\u00bb][et_pb_text _builder_version=\u00bb3.27.4&#8243; text_font=\u00bbPoppins|700|||||||\u00bb text_text_color=\u00bb#48a750&#8243;]\n<p>Qu\u00e9 hacemos<\/p>\n[\/et_pb_text][et_pb_text _builder_version=\u00bb4.0.3&#8243; text_font=\u00bbPoppins||||||||\u00bb text_text_color=\u00bbrgba(58,58,58,0.7)\u00bb text_font_size=\u00bb18px\u00bb text_line_height=\u00bb1.8em\u00bb header_2_font=\u00bbPoppins|500|||||||\u00bb header_2_text_color=\u00bb#4b457d\u00bb header_2_font_size=\u00bb38px\u00bb header_2_line_height=\u00bb1.3em\u00bb hover_enabled=\u00bb0&#8243; custom_padding=\u00bb||2px|||\u00bb]\n<h2>Investigaci\u00f3n<\/h2>\n<p>Proyectos orientados a la generaci\u00f3n de marcos te\u00f3ricos, an\u00e1lisis e interpretaciones que permitan conocer los problemas educativos e incidir en ellos.<\/p>\n[\/et_pb_text][\/et_pb_column][\/et_pb_row][et_pb_row use_custom_gutter=\u00bbon\u00bb _builder_version=\u00bb3.25&#8243;][et_pb_column type=\u00bb4_4&#8243; _builder_version=\u00bb3.25&#8243; custom_padding=\u00bb30px|30px|30px|30px\u00bb custom_padding__hover=\u00bb|||\u00bb][et_pb_text _builder_version=\u00bb3.27.4&#8243;]\n\n\n<div class=\"su-posts su-posts-default-loop \">\n\n\t\n\t\t\t\t\t\n\t\t\t\n\t\t\t<div id=\"su-post-1523\" class=\"su-post \">\n\n\t\t\t\t\t\t\t\t\t<a class=\"su-post-thumbnail\" href=\"https:\/\/cee.edu.mx\/New\/analisis-exploratorio-de-las-prioridades-de-los-tomadores-de-decisiones-en-las-entidades-federativas-que-intervienen-en-los-programas-de-fortalecimiento-de-la-calidad-educativa-pfce-tipo-basico-e-i\/\"><img loading=\"lazy\" decoding=\"async\" width=\"3387\" height=\"1029\" src=\"https:\/\/cee.edu.mx\/New\/wp-content\/uploads\/2019\/02\/SEP_color.jpg\" class=\"attachment-post-thumbnail size-post-thumbnail wp-post-image\" alt=\"\" srcset=\"https:\/\/cee.edu.mx\/New\/wp-content\/uploads\/2019\/02\/SEP_color.jpg 3387w, https:\/\/cee.edu.mx\/New\/wp-content\/uploads\/2019\/02\/SEP_color-300x91.jpg 300w, https:\/\/cee.edu.mx\/New\/wp-content\/uploads\/2019\/02\/SEP_color-768x233.jpg 768w, https:\/\/cee.edu.mx\/New\/wp-content\/uploads\/2019\/02\/SEP_color-1024x311.jpg 1024w, https:\/\/cee.edu.mx\/New\/wp-content\/uploads\/2019\/02\/SEP_color-1080x328.jpg 1080w, https:\/\/cee.edu.mx\/New\/wp-content\/uploads\/2019\/02\/SEP_color-610x185.jpg 610w\" sizes=\"(max-width: 3387px) 100vw, 3387px\" \/><\/a>\n\t\t\t\t\n\t\t\t\t<h2 class=\"su-post-title\"><a href=\"https:\/\/cee.edu.mx\/New\/analisis-exploratorio-de-las-prioridades-de-los-tomadores-de-decisiones-en-las-entidades-federativas-que-intervienen-en-los-programas-de-fortalecimiento-de-la-calidad-educativa-pfce-tipo-basico-e-i\/\">An\u00e1lisis exploratorio de las prioridades de los tomadores de decisiones en las entidades federativas que intervienen en los Programas de Fortalecimiento de la Calidad Educativa (PFCE) tipo b\u00e1sico e Inclusi\u00f3n y Equidad Educativa (PIEE) durante el a\u00f1o 2017<\/a><\/h2>\n\n\t\t\t\t<div class=\"su-post-meta\">\n\t\t\t\t\tPublicado: 17 mayo, 2019\t\t\t\t<\/div>\n\n\t\t\t\t<div class=\"su-post-excerpt\">\n\t\t\t\t\t<p><a href=\"https:\/\/cee.edu.mx\/New\/tag\/investigacion\/\">#Investigaci\u00f3n<\/a><\/p>\n\t\t\t\t<\/div>\n\n\t\t\t\t\n\t\t\t<\/div>\n\n\t\t\t\t\t\n\t\t\t\n\t\t\t<div id=\"su-post-925\" class=\"su-post \">\n\n\t\t\t\t\t\t\t\t\t<a class=\"su-post-thumbnail\" href=\"https:\/\/cee.edu.mx\/New\/consultoria-para-desarrollar-un-estudio-sobre-igualdad-de-genero-y-convivencia-en-el-nivel-preescolar-en-mexico\/\"><img loading=\"lazy\" decoding=\"async\" width=\"1024\" height=\"512\" src=\"https:\/\/cee.edu.mx\/New\/wp-content\/uploads\/2019\/02\/UN-Women-logo.png\" class=\"attachment-post-thumbnail size-post-thumbnail wp-post-image\" alt=\"\" srcset=\"https:\/\/cee.edu.mx\/New\/wp-content\/uploads\/2019\/02\/UN-Women-logo.png 1024w, https:\/\/cee.edu.mx\/New\/wp-content\/uploads\/2019\/02\/UN-Women-logo-300x150.png 300w, https:\/\/cee.edu.mx\/New\/wp-content\/uploads\/2019\/02\/UN-Women-logo-768x384.png 768w, https:\/\/cee.edu.mx\/New\/wp-content\/uploads\/2019\/02\/UN-Women-logo-610x305.png 610w\" sizes=\"(max-width: 1024px) 100vw, 1024px\" \/><\/a>\n\t\t\t\t\n\t\t\t\t<h2 class=\"su-post-title\"><a href=\"https:\/\/cee.edu.mx\/New\/consultoria-para-desarrollar-un-estudio-sobre-igualdad-de-genero-y-convivencia-en-el-nivel-preescolar-en-mexico\/\">Consultor\u00eda para desarrollar un estudio sobre igualdad de g\u00e9nero y convivencia en el nivel preescolar en M\u00e9xico<\/a><\/h2>\n\n\t\t\t\t<div class=\"su-post-meta\">\n\t\t\t\t\tPublicado: 27 febrero, 2019\t\t\t\t<\/div>\n\n\t\t\t\t<div class=\"su-post-excerpt\">\n\t\t\t\t\t<p><a href=\"https:\/\/cee.edu.mx\/New\/tag\/investigacion\/\">#Investigaci\u00f3n<\/a><\/p>\n\t\t\t\t<\/div>\n\n\t\t\t\t\n\t\t\t<\/div>\n\n\t\t\n\t\n<\/div>\n\n[\/et_pb_text][\/et_pb_column][\/et_pb_row][\/et_pb_section]\n","protected":false},"excerpt":{"rendered":"<p>[et_pb_section fb_built=\u00bb1&#8243; admin_label=\u00bbOur Services\u00bb _builder_version=\u00bb3.22.3&#8243; use_background_color_gradient=\u00bbon\u00bb background_color_gradient_start=\u00bb#ffffff\u00bb background_color_gradient_end=\u00bbrgba(75,69,125,0.23)\u00bb custom_padding=\u00bb26px|0px|100px|0px|false|false\u00bb top_divider_style=\u00bbcurve2&#8243; top_divider_color=\u00bb#f4f4f4&#8243; top_divider_height=\u00bb30px\u00bb top_divider_flip=\u00bbvertical\u00bb][et_pb_row admin_label=\u00bbNew standard of payments\u00bb _builder_version=\u00bb3.25&#8243;][et_pb_column type=\u00bb4_4&#8243; _builder_version=\u00bb3.25&#8243; custom_padding=\u00bb|||\u00bb custom_padding__hover=\u00bb|||\u00bb][et_pb_text _builder_version=\u00bb3.27.4&#8243; text_font=\u00bbPoppins|700|||||||\u00bb text_text_color=\u00bb#48a750&#8243;] Qu\u00e9 hacemos [\/et_pb_text][et_pb_text _builder_version=\u00bb4.0.3&#8243; text_font=\u00bbPoppins||||||||\u00bb text_text_color=\u00bbrgba(58,58,58,0.7)\u00bb text_font_size=\u00bb18px\u00bb text_line_height=\u00bb1.8em\u00bb header_2_font=\u00bbPoppins|500|||||||\u00bb header_2_text_color=\u00bb#4b457d\u00bb header_2_font_size=\u00bb38px\u00bb header_2_line_height=\u00bb1.3em\u00bb hover_enabled=\u00bb0&#8243; custom_padding=\u00bb||2px|||\u00bb] Investigaci\u00f3n Proyectos orientados a la generaci\u00f3n de marcos te\u00f3ricos, an\u00e1lisis e interpretaciones que permitan conocer los [&hellip;]<\/p>\n","protected":false},"author":1,"featured_media":0,"parent":0,"menu_order":0,"comment_status":"closed","ping_status":"closed","template":"","meta":{"_et_pb_use_builder":"on","_et_pb_old_content":"","_et_gb_content_width":"","footnotes":""},"class_list":["post-1505","page","type-page","status-publish","hentry"],"_links":{"self":[{"href":"https:\/\/cee.edu.mx\/New\/wp-json\/wp\/v2\/pages\/1505","targetHints":{"allow":["GET"]}}],"collection":[{"href":"https:\/\/cee.edu.mx\/New\/wp-json\/wp\/v2\/pages"}],"about":[{"href":"https:\/\/cee.edu.mx\/New\/wp-json\/wp\/v2\/types\/page"}],"author":[{"embeddable":true,"href":"https:\/\/cee.edu.mx\/New\/wp-json\/wp\/v2\/users\/1"}],"replies":[{"embeddable":true,"href":"https:\/\/cee.edu.mx\/New\/wp-json\/wp\/v2\/comments?post=1505"}],"version-history":[{"count":9,"href":"https:\/\/cee.edu.mx\/New\/wp-json\/wp\/v2\/pages\/1505\/revisions"}],"predecessor-version":[{"id":1808,"href":"https:\/\/cee.edu.mx\/New\/wp-json\/wp\/v2\/pages\/1505\/revisions\/1808"}],"wp:attachment":[{"href":"https:\/\/cee.edu.mx\/New\/wp-json\/wp\/v2\/media?parent=1505"}],"curies":[{"name":"wp","href":"https:\/\/api.w.org\/{rel}","templated":true}]}}